6) - -3. Give p(j).
1
Let l(p) be the first derivative of -p**4/4 - 5*p**3/3 + p**2 + p + 1. Let q(w) be the first derivative of w**2/2 + 4*w + 3. Let z be q(-9). Give l(z).
-9
Let z(b) = 8*b. Let p = 4 + -2. Suppose d = 3*d + 3*j - 5, -5*j = -4*d - 45. Let h be p/d + 6/(-10). Determine z(h).
-8
Let s = 13 + -8. Suppose -s*j = -51 - 9. Let t(l) = -l + 0*l - l**2 + j - 3. Determine t(0).
9
Suppose 4*t = -4*t + 5*t. Let q(k) = -2*k**2 - 9. Let n(a) = a**2 + 4. Let m(b) = -5*n(b) - 3*q(b). Calculate m(t).
7
Let y(p) = 2*p + 6 + 0 - 3. Determine y(-5).
-7
Let p(o) = 0 + 3*o**2 - 6 + 4 + 6 + 2*o + o**3. Determine p(-3).
-2
Let b(s) = -s**3 - 5*s**2 - 2*s. Suppose 4*u = -21 - 3. Let t be 0*(1 + u/4). Let p be t/(-1)*1 + -4. Give b(p).
-8
Let n(g) be the first derivative of g**7/840 - g**4/12 + 5*g**3/3 + 2. Let c(q) be the third derivative of n(q). What is c(0)?
-2
Suppose -q - 3*q = -2*v, 3*v = -2*q - 24. Let d(s) = 0*s + 2 - 12 - s. Determine d(v).
-4
Suppose 8*v - 19 - 5 = 0. Let f(h) = 5*h**3 + 7*h**2 + h + 10. Let g(k) = k**3 + k**2 + 1. Let u(q) = -f(q) + 6*g(q). Calculate u(v).
11
Let n(r) = -r**3 - 8*r**2 + 5*r - 2. Let o(z) = z**3 + 7*z**2 - 4*z + 2. Let w(v) = -4*n(v) - 5*o(v). Determine w(-4).
14
Let j(k) = 4*k**3 + 8*k**2 - 5*k + 5. Let i(q) = -q**3 - 3*q**2 + 2*q - 2. Let p(x) = 7*i(x) + 2*j(x). What is p(4)?
-4
Let z be (-2 - -1)*-6 - 1. Suppose 4 = -z*g + g. Let d(s) = 16*s - 35*s + 13*s. Determine d(g).
6
Let k(j) = j**2 + 10*j - 1. Let c = 120 - 130. What is k(c)?
-1
Let h(u) = 3*u**3 - 4*u**2 - 11*u - 17. Let m(i) = i**3 - i**2 - 4*i - 6. Let o(r) = -3*h(r) + 8*m(r). Let y = -19 - -10. Let c = -5 - y. Calculate o(c).
7
Suppose -8*r + 10*r - 16 = 0. Let a(t) = -t**3 + 9*t**2 - 7*t + 2. What is a(r)?
10
Let r(p) = -p + 1. Let c(m) = -2*m**3 + 2*m**2 - 3*m + 2. Let o(z) = c(z) - 3*r(z). Suppose 2*x + 3*j = -8, 0*j = -3*x + j - 1. Determine o(x).
3
Let g(v) = 4*v**2 - 3*v. Let u(j) = -j**2 - 1. Let q(f) = -g(f) - 3*u(f). Suppose 0*l - 4*l = y - 21, 10 = 3*l - 5*y. Determine q(l).
-7
Suppose -3*f = -3, -20 = -5*p - 6*f + f. Let g be 1*p*(-4)/3. Let c = 2 + g. Let v(a) = -a**2 - 2*a. Give v(c).
0
Let o be 2/8*(-1 - -9). Suppose 5*k + 15 = o*y, 2*k + 3*y + 6 = 4*y. Let l(s) = s**3 + 3*s**2 + s - 3. Give l(k).
-6
Suppose 0*n + 2 = -2*n. Let l be (-1 + 2)/(-1)*n. Let o(a) be the third derivative of -a**5/20 - a**3/6 - 3*a**2. Calculate o(l).
-4
Let t(j) = -12*j - 1 - 5*j**2 + 8*j + 2*j**2 + 4*j**2. Determine t(3).
-4
Let i = -29 + 32. Let s(k) be the second derivative of k**5/20 - k**4/3 - k**3/2 + 2*k**2 - k. Give s(i).
-14
Let w(p) = 4*p**3 + p. Let n be 1/3 + (-14)/(-3). Suppose -2*y = -n*b - 5 + 32, 3*b = 15. Let u be w(y). Let a(j) = 2*j + 6. What is a(u)?
-4
Let a be (30/(-18))/(1/3). Let d(j) be the first derivative of -j**3/3 - 5*j**2/2 - j - 3. Give d(a).
-1
Suppose 0 = -6*z + 3*z + 24. Suppose -4*o + z*a - 5*a = 0, o + 5*a + 23 = 0. Let x(t) = -t**2 - 4*t. Determine x(o).
3
Let d(p) = p**3 + 3*p**2 + p + 2. Suppose 5*i = 5*u - 70, 4*u + i - 20 = 16. Let r be 15/u*1*-2. Determine d(r).
-1
Let j be 84/(-32)*16/(-12). Let z(t) be the second derivative of -1/12*t**4 - j*t**2 + t**3 + 2*t + 0. Give z(5).
-2
Suppose 0 = -3*p - r + 6, p + 0*r = -r. Let v(z) = 3*z**3 - z + 1 - z**3 + 8*z**p. Give v(1).
10
Let s(w) = -3*w**2 + 7*w - 6. Let k(h) = h**2 + 4*h - 5. Let q be k(-4). Let t(z) = 7*z**2 - 14*z + 13. Let l(u) = q*s(u) - 2*t(u). Determine l(6).
-2
Let j(q) be the first derivative of 1/3*q**3 + 7*q - 5/2*q**2 + 5. Calculate j(6).
13
Let l(r) = -r**3 + 4*r**2 - 2*r - 2. Let h(y) = 2*y - 4. Let p be h(3). Let i be l(p). Let s(t) = -i*t**2 - 6 - 3*t - 2*t + t**2. Calculate s(-5).
-6
Suppose 4*h + 3*x = 28, 5*x = -3*h - 10 + 31. Let q(a) = a**3 - 8*a**2 + 6*a + 9. What is q(h)?
2
Suppose -1 - 7 = -2*q. Let h(z) = 3 - z**2 - 2 + 0 + 1 + q*z. Give h(5).
-3
Let q = -192 + 194. Let f(b) = b**3 - 3*b**2 - 2. Determine f(q).
-6
Let x(h) = -h + 6. Let q(a) = 9*a. Let f be q(1). Determine x(f).
-3
Let m = 21 + -18. Let h(f) = 0*f**m + f + 11 + 6*f**3 - 12. What is h(1)?
6
Suppose -2*d = -5*p + d + 15, 3 = p - d. Let q(u) = 2*u**2 + 4. Determine q(p).
22
Suppose s + 16 = -s. Let k(t) = -4*t - 7. Let n be k(s). Suppose -5*u - n = 0, 0 = a - 5*a + u + 25. Let l(v) = -v - 2. Determine l(a).
-7
Suppose -10 - 14 = -4*g. Suppose -l + 0*l = -2. Let c(r) = -r - 2*r**l + 7*r + r**2. Give c(g).
0
Let t(v) = -324*v**2 - 2*v**3 + 6*v + v**3 + 330*v**2 + 1. What is t(7)?
-6
Let h(z) = 2*z**2 - 5*z + 4. Let u(x) = x**3 - x**2 - x + 1. Let r(m) = h(m) - u(m). Suppose 0 = -2*l - 2*l + 5*t - 2, -4*l + 3*t + 2 = 0. Determine r(l).
-1
Suppose 2*i + 4 = -2*i. Let k = i + 1. Let c(u) = -2*u**3 - 2 + 3*u + 3*u**3 - u**2 - 6*u + k*u. Determine c(-2).
-8
Let b be 45/(-6)*8/10. Let x = b + 10. Let a(h) = -h**3 + h**2 - h. Let d(g) = 4*g**3 - 6*g**2 - g + 1. Let i(z) = 3*a(z) + d(z). Give i(x).
1
Let o(c) = -2*c**3 + 2*c**2 - 1. Suppose 4*i - 11 = -3. Calculate o(i).
-9
Let k(m) be the first derivative of 2/3*m**3 - 5 - 3/2*m**2 + m. Determine k(3).
10
Let x(g) be the first derivative of g**4/4 + 2*g**3/3 - 3*g**2/2 + 4*g - 1. Let t = 4 + -7. What is x(t)?
4
Suppose 2*w - 17 = -0*z - 3*z, -3*w + 12 = 0. Let i(y) = y**2. Let a(n) = -n**3 - n**2 + 4*n + 5. Let x(d) = z*i(d) - a(d). Calculate x(-4).
11
Let r = -25 + 27. Let o(m) = 2*m**2 - m. Calculate o(r).
6
Let i(y) be the first derivative of -y**2/2 + 10*y - 16. Give i(9).
1
Let g(v) = v**3 - 4*v**2 - 5*v - 3. Let x be 0 + -1 - (-12)/2. What is g(x)?
-3
Suppose 0 = -7*t + 3*t. Let n(k) = -k + 1. Let q be n(1). Let w(d) = -d**2 - 3*d + q*d + 2*d + 7. Give w(t).
7
Suppose 12*y - 99 = -27. Let h(a) = -a**3 + 5*a**2 + 8*a - 8. Calculate h(y).
4
Let l(q) be the first derivative of -q**2/2 + 4*q - 2. Suppose 0 = 3*d + 4*g - 5, 0*g - g = 3*d + 1. Let w(h) = 4*h. Let b be w(d). What is l(b)?
8
Let l be (-1 - 2 - -3)/1. Let f = -1 + l. Let x(d) = 10*d**2 + 2*d + 1. Calculate x(f).
9
Let h be (-1)/(-2) - (-62)/4. Suppose 4*x = 2*i + h, 4*i + 3 = -2*x + 1. Let s(a) = -a**3 + 3*a**2 + a + 1. Calculate s(x).
4
Let s(w) = w**2 - 5*w + 2. Let n(g) = -g**3 - 11*g**2 - 11*g - 12. Let c be n(-10). Let l be 144/66 - c/(-11). Give s(l).
-4
Let k(j) = -11*j**2 + 21*j - 11. Let y(t) = 5*t**2 - 10*t + 5. Let n(a) = 6*k(a) + 13*y(a). What is n(-4)?
-1
Let i(x) = x**3 - 8*x**2 - x + 9. Let v be i(8). Let o(m) = m + m - m**2 - m + v + 2*m**2. Determine o(3).
13
Let n(l) = -l**3 + 8*l**2 - 2*l + 12. Let c = 109 - 101. Determine n(c).
-4
Let b(u) be the second derivative of 0 + u + u**2 - 1/2*u**3. What is b(2)?
-4
Suppose 2*l + 9 = 5*l. Let k(a) = -3 + a + 3 + l. Let c be (-6 + 6)*1/2. What is k(c)?
3
Let z(i) = -i - 1. Let x(r) = r**2 + 7*r + 7. Let y be x(-6). Let p be z(y). Let w(f) = 1. Let j(v) = v + 4. Let h(m) = -j(m) + 2*w(m). Give h(p).
0
Let c(t) = -2*t**2 - 6*t + 21. Let d(h) = h**2 + 3*h - 10. Let w = -7 - -1. Let y(k) = w*c(k) - 13*d(k). What is y(-3)?
4
Suppose 0 = -5*r - 2*o - 32, o - 17 = 2*r + 6*o. Let p(z) = -z**3 - 5*z**2 + 5*z - 3. Give p(r).
3
Suppose 4*k - 2*k = 0. Let q(h) = k + 4 - 2*h**2 - 2*h - h**3 + 5*h**2. What is q(3)?
-2
Let l(m) be the second derivative of -m**4/24 + 2*m**3 + m**2/2 + 3*m. Let x(d) be the first derivative of l(d). What is x(5)?
7
Let x(w) = w**3 + 5*w**2 - 2*w - 4. Suppose -3*p - 47 = -5*v, 0 = 3*v + 5*p - 0 - 1. Suppose -v*q = -2*q + 25. Determine x(q).
6
Let i be 0 - -1 - (-1 - 1). Let p be -1 + 2 + i + -2. Let s(g) = 2*g. Determine s(p).
4
Let j(m) be the second derivative of m**6/120 + m**5/30 - m**3/6 + 5*m**2/2 + 7*m. Let p(b) be the first derivative of j(b). Calculate p(-2).
-1
Let z be 23/7 + 4/(-14). Suppose 0 = -4*k + 8. Suppose z = -k*w + 1. Let v(q) = 6*q**2. Determine v(w).
6
Let s(k) be the second derivative of k**3/6 + 3*k**2/2 + 2*k. Determine s(3).
6
Suppose 2*q - 5*n + 29 = 10, 4*q + 8 = 4*n. Let d = q - 3. Let i be d + 1 + -2 + 1. Let l(o) = -o**3 - o**2 + 4. What is l(i)?
4
Let z(x) = 4*x + 1. Let r = 4 + -9. Let s = 4 + r. Give z(s).
-3
Let f(y) = -y**2 + 9*y - 6. Let d be -1*(-34)/4 + 14/(-28). What is f(d)?
2
Suppose 0*d = 5*d - 180. Let q(f) = -2*f - 36 - 3*f**2 - f**3 + d. Give q(-3).
6
Let g(m) = -m**2 - 7*m - 9. Let a be g(-3). Let u(f) = 0 + f + 0. Give u(a).
3
Suppo